 + -29 + c. What is the tens digit of 2/7 + (-384)/a?
1
Let c = 341 - 480. Let b = c + 231. What is the units digit of b?
2
Suppose 3*r - r = -318. Let c = r + 279. Suppose 5*b = 8*b - c. What is the units digit of b?
0
What is the hundreds digit of ((-168)/(-16))/(-2 - (-529)/264)?
7
Let t(f) = -2*f**3 + 11*f**2 + f - 9. Let n(m) = m**3 - 6*m**2 - m + 5. Let u(c) = -5*n(c) - 3*t(c). Let d be u(2). What is the units digit of -1 + 0 + 11 + d?
2
Let a = 128 - 182. Let t = -25 - a. What is the tens digit of t?
2
Let g(s) = -23*s - 9. Let j be g(-4). Let v = j + -3. What is the tens digit of v?
8
What is the units digit of (4/(-14))/(66/(-436359))?
9
Suppose -708 - 1042 = -5*i. What is the tens digit of i?
5
Suppose -50*d + 43*d + 3409 = 0. What is the tens digit of d?
8
Let j = -101 + 182. Suppose 1 = -d + j. What is the tens digit of d?
8
Let v = 7 - 7. Suppose 0 = -2*x - v*x + 14. Suppose 10*f - 96 = x*f. What is the tens digit of f?
3
Suppose -1 = -2*c - m, 0 = c + 2*c - 2*m + 9. Let r be (-6)/(-4 + 1 - c). Suppose s = 38 + r. What is the units digit of s?
1
Let z(t) = 9 - 3*t - 5*t**3 + t**2 + 4*t**3 + 6*t**2 - 3*t. Let j be z(6). Let n(h) = 3*h - 4. What is the tens digit of n(j)?
2
Let f(u) = -2*u**3 + 11*u**2 - 3*u + 6. Let o be f(5). Suppose l = 5*l - o, 3*m - 777 = -3*l. What is the hundreds digit of m?
2
Let u be 2*7*(4 - 6). Let g = 22 + u. Let l = 1 - g. What is the units digit of l?
7
Let r(i) be the first derivative of -1/2*i**2 + 3 + 32*i. What is the tens digit of r(0)?
3
Let m(a) = a**2 - a + 2. Let n be (5 - 1)/((-8)/(-6)). What is the units digit of m(n)?
8
Suppose 0 = -6*x + 3*x + 30. Suppose a + x = -3*q + 25, 16 = 4*q. Suppose a*k = 5*d - 29, -k + 2 = d + 1. What is the units digit of d?
4
Let s = 4 + 3. Suppose 3 = -3*j + g + s, -2*j + 2*g = -4. What is the tens digit of ((-111)/9)/(j/(-3))?
3
Let t(q) = -q**3 + 32*q**2 + 4*q - 35. Let h be t(13). Suppose h = 30*l - 18*l. What is the units digit of l?
9
Let j be 2/7 - 10/35. Let l = -2 - j. Let v(i) = 6*i**2 + 4. What is the units digit of v(l)?
8
Let k(d) = 154*d + 195. What is the units digit of k(11)?
9
Suppose 32*q - 20182 = 23178. What is the units digit of q?
5
Suppose -4*c = t + 14, t + t + 28 = 3*c. Let v = 5 - t. What is the units digit of v?
9
Let o(v) = 0*v + 19 - 4*v + 12 + 2*v. What is the units digit of o(0)?
1
Let f = 12 + -10. Let k(w) = -5*w - 4 + 3 - 7*w + f. What is the units digit of k(-2)?
5
Suppose -4*p = -7255 - 7333. What is the thousands digit of p?
3
Let u be (-1 - 0)/(9/(-918)). Suppose -y - y = -u. What is the tens digit of y?
5
Let k be ((-1)/(-2) + 4)*-2 - -4. What is the units digit of (-1)/k + 1858/10?
6
Let q(b) = -4*b + 12. Let p = 1 - 5. What is the units digit of q(p)?
8
Suppose -5*h + 0*r + 1340 = r, r = 4*h - 1063. Suppose 2*l + 27 = h. What is the tens digit of l?
2
Let n(j) = 255*j**2 + 2*j + 1. Let q be n(-1). Let b(d) = 2 - q*d + 254*d + 2*d**2. What is the units digit of b(3)?
0
Let n(z) = 5*z + 29. Let h(c) = -5*c - 29. Let b(u) = -5*h(u) - 4*n(u). What is the units digit of b(6)?
9
Let p(z) = -z**2 + 3*z + 6. Let v = -14 + 20. Let b be p(v). What is the tens digit of 2*16 + (-10 - b)?
3
What is the tens digit of (-2)/(-6) - 60/(-45)*1214?
1
Suppose 561*w = 554*w + 7812. What is the units digit of w?
6
Suppose 388 = g - 4*v - 88, 3*v = -2*g + 941. What is the tens digit of g?
7
What is the units digit of 6 + (2292 + -8 - 4)?
6
Let f = 1 - -11. Suppose -1 - 3 = -2*n. Suppose n*w - f = -2*w. What is the units digit of w?
3
Let i = 14 + -12. Let m(t) = 2*t**2 - 2*t - 4. Let j be m(i). Suppose -c + 4*l = -45, c - 66 = -j*c - 3*l. What is the units digit of c?
7
Let c(z) = z**2 + 17*z + 12. What is the tens digit of c(-19)?
5
Suppose -5*n - 835 = -3*o - 0*n, -847 = -3*o + 2*n. What is the hundreds digit of (o/4)/((-6)/(-16))?
1
Suppose -2*q + 2*s + 69 = 5*s, 4*q - 3*s - 183 = 0. What is the tens digit of (1/1)/((q/(-312))/(-7))?
5
Suppose 0 = -3*t + 1292 - 191. What is the tens digit of t?
6
Let q be -2 + (-1)/(2/70). Suppose -4*u - 63 = t, -5*u - 79 = -7*t + 8*t. Let m = u - q. What is the units digit of m?
1
Suppose 424 = -6*s + 1564. What is the tens digit of s?
9
Let t be 1/(2 + 15/(-7)). Let r(a) = -14. Let o(q) = q. Let l(s) = -5*o(s) + r(s). What is the units digit of l(t)?
1
Suppose 5*o = 2*o + 3. Let y(f) = -o - 4*f + 3*f + 3*f + 2 + 28*f**2. What is the units digit of y(-1)?
7
Let i = 9 + 15. Suppose -184 = -4*r - 0*r. Let l = r - i. What is the units digit of l?
2
Let l(y) = -2*y - 6. Let k be l(-3). What is the units digit of (k - -16) + 7 + -6?
7
Let n be 22/(-7) - 19/(-133). What is the tens digit of (n/1)/((-42)/1358) - 3?
9
Let d = 26 - 20. What is the units digit of ((-16)/d)/(4/(-12))?
8
Let m(l) = -l**2 - 8*l - 5. Let c be m(-7). Suppose q - c = -0*q. Suppose -q*j + 2*i + 44 = i, -5*j + 95 = 5*i. What is the tens digit of j?
2
Suppose -7*g = -8 + 8. What is the tens digit of 167/((g + -4)*(-6)/24)?
6
Let t = 1 - 2. Let w = 34 - 59. What is the units digit of (-4 - w)*t/(-1)?
1
Let f(j) = -j**3 + j**2. Let v(p) = -3*p**3 - p**2 - 10*p - 6. Let h(r) = 6*f(r) - v(r). What is the hundreds digit of h(-3)?
1
Suppose -2*v + 140 = 3*v + 5*i, 0 = -3*i - 9. Suppose 0 = -o + v - 5. What is the tens digit of o?
2
Let f = 10 + -9. Let b be f - (-6 - (-3 - 1)). Suppose 0 = -b*k - 3*m + 60, 5*k - 4*m - 28 = 54. What is the units digit of k?
8
Let x be 6 + -3 + (-111)/(-1). Suppose -5*m = 3*u - x, -5*m + 114 = 2*u + 3. What is the tens digit of m?
2
Suppose 917 = 7*x - 189. What is the hundreds digit of x?
1
Let h be 2/(-11) + (-216)/(-99). Suppose h*q + 5*d - 14 = 0, -3*d = -5*q + 2*d + 105. What is the tens digit of q?
1
Suppose 5*x = -4*z - 8 - 2, -2*x - 5*z = -13. Let f(g) = 3*g**3 - g**2 - 3*g - 6. Let h be f(x). What is the tens digit of (6/9)/((-7)/h)?
6
Suppose 11*k - 32 = 12. Suppose -4*v + 142 = -5*t, -k = 3*t + 2. What is the tens digit of v?
3
Let u(m) = -m + 8. Let t be u(5). Suppose -t*v + 0*v = -276. What is the tens digit of v?
9
Suppose -3*c + 2*c + 5 = 0. Suppose 0*r + c*r = 3*g + 233, -g = -4. Let t = r + -33. What is the tens digit of t?
1
Let r(p) = -p**3 + 5*p**2 + p - 3. Let l be r(5). What is the units digit of (-5)/l - (-201)/2?
8
Let c(l) = -155*l - 3. Let h be c(-1). Let k = 220 - h. What is the units digit of k?
8
Suppose 0*k - 533 = -5*l - 2*k, 0 = 4*l - 3*k - 408. What is the units digit of 4/14 - (-4170)/l?
0
Let j(l) = -l**3 + 15*l**2 - 13*l + 34. Let i be j(14). What is the units digit of (-522)/4*(-32)/i?
7
Suppose -4*z + 819 = -z. Suppose -196 = -3*m - r, r = -0*m + 4*m - z. What is the tens digit of m?
6
Let z(h) = h**2 + 3*h - 6. Let x be z(-5). Let v = 5 + 20. Suppose -x*n + 67 = -v. What is the units digit of n?
3
Suppose -37757 = -32*t + 5923. What is the tens digit of t?
6
Let g be 20/(-30)*((3 - 2) + 11). What is the tens digit of (-1)/4 - g/((-224)/(-3395))?
2
Let f be (-2)/7 - 148/(-28). Suppose -4*r = -f*r + 4. What is the units digit of 9/(r/(32/3))?
4
Suppose 0 = 54*l - 70*l + 16976. What is the thousands digit of l?
1
Let f = -25 + 22. Let b(v) = -24*v - 4. Let i be b(f). Suppose -2*l + i = 4*g, -4*l = -2*g - 3*g - 175. What is the units digit of l?
0
Let n be 1/3*(82 - 1). Let t = 170 - n. What is the units digit of t?
3
Let p = 50 - 74. What is the units digit of p/((-2)/(-8) + -1)?
2
Let r be (2/5)/(4/20*-1). What is the tens digit of r*(-1 + (-340)/8)*1?
8
Let j = -19 + 21. Suppose 0 = -j*y + 6, 5*d - 158 - 272 = -5*y. What is the tens digit of d?
8
Let r(j) be the third derivative of j**8/10080 + j**7/560 + j**6/80 - j**5/10 + j**2. Let w(x) be the third derivative of r(x). What is the tens digit of w(-6)?
2
Let o(j) = -4*j + 23 + j - 11. Let s be o(12). What is the tens digit of 51/4*s/(-9)?
3
Let i(l) be the first derivative of -5*l**2/2 + 3*l + 1. Let z be i(-3). What is the tens digit of z + -1 + (0 - -2)?
1
Let x be -1*7/((-14)/1052). Suppose -4*k = -5*a + x, a - 5*a + 392 = 4*k. What is the units digit of (-4)/6 - a/(-18)?
5
Let b be -1 + 29 + (0 - -1). Suppose b = 4*l + 5. Suppose -k + l + 29 = 2*g, -3*g = k - 51. What is the units digit of g?
6
Let x = 95 + -92. Suppose x*j - 77 = 19. What is the tens digit of j?
3
What is the hundreds digit of ((-13556)/8)/((-9)/18)?